{"id":108,"date":"2020-12-18T12:37:02","date_gmt":"2020-12-18T11:37:02","guid":{"rendered":"http:\/\/moretloingetorvanne.fr\/ccas\/?page_id=108"},"modified":"2020-12-18T15:34:22","modified_gmt":"2020-12-18T14:34:22","slug":"les-actualites-du-centre-social","status":"publish","type":"page","link":"http:\/\/moretloingetorvanne.fr\/ccas\/les-actualites-du-centre-social\/","title":{"rendered":"Les Actualit\u00e9s du Centre Social"},"content":{"rendered":"\n<p><strong>Le Centre Social de Champagne-sur-Seine et l\u2019Espace des Habitants de Villemer restent joignables durant le confinement.<\/strong><\/p>\n<p><strong>Pour les deux structures, l\u2019accueil t\u00e9l\u00e9phonique est transf\u00e9r\u00e9, vous pouvez donc joindre les \u00e9quipes,<\/strong><\/p>\n<p><strong>du lundi au vendredi de 9h \u00e0 12h et de 13h30 \u00e0 17h, aux num\u00e9ros suivants&nbsp;:<\/strong><\/p>\n<ul>\n<li><strong>Centre Social MSL : 01 64 70 63 07&nbsp; &nbsp; &nbsp; &nbsp; &nbsp; &nbsp; &nbsp; &nbsp; &nbsp; &nbsp; &nbsp; &nbsp; &nbsp; &nbsp; &nbsp; &nbsp; &nbsp; &nbsp; &nbsp; &nbsp; &nbsp; &nbsp;<\/strong><\/li>\n<li><strong>Espace des Habitants : 01 64 32 81 83<\/strong><\/li>\n<\/ul>\n<p>Pour maintenir le contact, les \u00e9quipes des centres sociaux ont cr\u00e9\u00e9 un groupe Facebook, o\u00f9 la parole&nbsp; vous est donn\u00e9e&nbsp;:&nbsp;<a href=\"https:\/\/203620.uk.mp-track.com\/redirect\/?s=RlXxxitIHw%2fwPU6w3Yb94%2f6O5uVU8iv4Kmgvjr8d%2fttsruIllpyC2ti%2bTI9XU0qd2TUSfS4BrVGrBrSa%2fwxP7fJ0lemT7oJ6mgjYjBEAZqseeBnef46NoFG2hbtxykOI&amp;e=QWPsLuuP+nsuYbQVX3vsKYxsUhBsO4yC3kr\/26njsDE=\">https:\/\/www.facebook.com\/groups\/parolesdhabitantsccmsl\/<\/a><\/p>\n<p>Alors, inscrivez-vous afin d\u2019\u00e9changer et de partager vos astuces et sourires quotidiens&nbsp;!<\/p>\n<p>Vous pouvez \u00e9galement trouver chaque jour&nbsp;de nouvelles informations sur la page Facebook Vie Sociale Moret Seine &amp; Loing,:&nbsp;&nbsp;<a href=\"https:\/\/203620.uk.mp-track.com\/redirect\/?s=RlXxxitIHw%2fwPU6w3Yb942z0asdNQdX9UuRZtLjAjvjCyPfjTJfJBagnv73b3hq9wZfPPSvbmxsrfD1Dx077XI%2bIYdBuIJJCfQKEH2PBFUgQartcDJjqkObMz2D3D0HU&amp;e=QWPsLuuP+nsuYbQVX3vsKYxsUhBsO4yC3kr\/26njsDE=\">https:\/\/www.facebook.com\/vie.sociale.ccmsl\/<\/a>&nbsp;&nbsp; :<\/p>\n<p>du contenu d\u2019animation, autour du jardin, des bricolages et jeux pour la famille, mais aussi des informations sp\u00e9cifiques \u00e0 cette p\u00e9riode de confinement quant \u00e0 vos d\u00e9marches administratives, \u00e0 l\u2019acc\u00e8s aux droits\u2026<\/p>\n<p>Certains partenaires qui proposent habituellement des permanences au sein des deux centres sociaux, maintiennent des permanences t\u00e9l\u00e9phoniques,<\/p>\n<p>comme l\u2019EPE&nbsp;:&nbsp;<a href=\"https:\/\/203620.uk.mp-track.com\/redirect\/?s=RlXxxitIHw%2fwPU6w3Yb94wrn6gg0xD91wsoKNOtauVL0RF%2bGdnfOy9RyYsyT37ojhzxSdway%2fN8AxQDU5cj2O6N%2bLW2Oet3J7lvUfnpxlkHxH5QuoYnlmkA1CP3CapWU&amp;e=QWPsLuuP+nsuYbQVX3vsKYxsUhBsO4yC3kr\/26njsDE=\">Lien vers l\u2019article CCMSL<\/a>, le CIDFF&nbsp;:&nbsp;<a href=\"https:\/\/203620.uk.mp-track.com\/redirect\/?s=RlXxxitIHw%2fwPU6w3Yb94wsqJHbGpFXIWxkImQ%2fI4l7JenJNRpK7%2bsGnzRqdeWQjnLcQKBUUrLHs1coIp3pvUfnsURQF76%2bESwkyeZDh0%2f%2f6YQP0t7jL2YWFDMYC8SDz&amp;e=QWPsLuuP+nsuYbQVX3vsKYxsUhBsO4yC3kr\/26njsDE=\">Lien vers l\u2019article CCMSL<\/a>&nbsp;et l\u2019ADIL (<a href=\"https:\/\/203620.uk.mp-track.com\/redirect\/?s=RlXxxitIHw%2fwPU6w3Yb94z5CzcdxNsHE1MvnvWbUZZCmRUqn800gs1cuthx%2fgmtFSntR%2bZjTeIr2QES1NVb1moxiZEzIabuFLCsgssLy06YDszFF7sVSc6ZmOPkdZnlb&amp;e=QWPsLuuP+nsuYbQVX3vsKYxsUhBsO4yC3kr\/26njsDE=\">Lien vers l\u2019article CCMSL<\/a>).<\/p>\n<p>Prenez soin de vous et de vos proches,<\/p>\n<p>Les \u00e9quipes du Centre Social de Champagne-sur-Seine et de l\u2019Espace des Habitants de Villemer.<\/p>\n<table class=\"yiv6921250922row yiv6921250922block-box-table\" cellspacing=\"0px\" cellpadding=\"10px\">\n<tbody>\n<tr>\n<th class=\"yiv6921250922text-center yiv6921250922last yiv6921250922first yiv6921250922small-12 yiv6921250922large-12 yiv6921250922columns\">\n<p>Etre utile aux autres, acqu\u00e9rir de nouveaux savoirs, conforter, approfondir ses connaissances, aller \u00e0 la rencontre de ses voisins, partager des moments festifs, mais aussi trouver une \u00e9coute, de l\u2019aide, une orientation lorsque l\u2019on rencontre des difficult\u00e9s dans son parcours professionnel ou lorsqu\u2019un accident de la vie vous touche\u2026<\/p>\n<p>Ouvert \u00e0 tous les habitants des 23 communes, seul ou en famille, des plus jeunes aux plus \u00e2g\u00e9s, le Centre Social MSL, anim\u00e9 par des professionnels et des b\u00e9n\u00e9voles, une richesse de savoirs, d\u2019exp\u00e9riences, de rencontres, de partage qui vous attend et vous tend la main.<\/p>\n<\/th>\n<\/tr>\n<\/tbody>\n<\/table>\n","protected":false},"excerpt":{"rendered":"<p>Le Centre Social de Champagne-sur-Seine et l\u2019Espace des Habitants de Villemer restent joignables durant le confinement. Pour les deux structures, l\u2019accueil t\u00e9l\u00e9phonique est transf\u00e9r\u00e9, vous pouvez donc joindre les \u00e9quipes, [&hellip;]<\/p>\n","protected":false},"author":1,"featured_media":0,"parent":0,"menu_order":0,"comment_status":"closed","ping_status":"closed","template":"","meta":{"_bbp_topic_count":0,"_bbp_reply_count":0,"_bbp_total_topic_count":0,"_bbp_total_reply_count":0,"_bbp_voice_count":0,"_bbp_anonymous_reply_count":0,"_bbp_topic_count_hidden":0,"_bbp_reply_count_hidden":0,"_bbp_forum_subforum_count":0,"ngg_post_thumbnail":0,"footnotes":"","_links_to":"","_links_to_target":""},"class_list":["post-108","page","type-page","status-publish","hentry"],"_links":{"self":[{"href":"http:\/\/moretloingetorvanne.fr\/ccas\/wp-json\/wp\/v2\/pages\/108","targetHints":{"allow":["GET"]}}],"collection":[{"href":"http:\/\/moretloingetorvanne.fr\/ccas\/wp-json\/wp\/v2\/pages"}],"about":[{"href":"http:\/\/moretloingetorvanne.fr\/ccas\/wp-json\/wp\/v2\/types\/page"}],"author":[{"embeddable":true,"href":"http:\/\/moretloingetorvanne.fr\/ccas\/wp-json\/wp\/v2\/users\/1"}],"replies":[{"embeddable":true,"href":"http:\/\/moretloingetorvanne.fr\/ccas\/wp-json\/wp\/v2\/comments?post=108"}],"version-history":[{"count":2,"href":"http:\/\/moretloingetorvanne.fr\/ccas\/wp-json\/wp\/v2\/pages\/108\/revisions"}],"predecessor-version":[{"id":140,"href":"http:\/\/moretloingetorvanne.fr\/ccas\/wp-json\/wp\/v2\/pages\/108\/revisions\/140"}],"wp:attachment":[{"href":"http:\/\/moretloingetorvanne.fr\/ccas\/wp-json\/wp\/v2\/media?parent=108"}],"curies":[{"name":"wp","href":"https:\/\/api.w.org\/{rel}","templated":true}]}}