{"id":117,"date":"2020-12-18T12:37:02","date_gmt":"2020-12-18T11:37:02","guid":{"rendered":"http:\/\/moretloingetorvanne.fr\/ccas\/?page_id=117"},"modified":"2025-11-18T14:46:30","modified_gmt":"2025-11-18T13:46:30","slug":"le-conseil-dadministration","status":"publish","type":"page","link":"http:\/\/moretloingetorvanne.fr\/ccas\/le-conseil-dadministration\/","title":{"rendered":"Le Conseil d&rsquo;Administration"},"content":{"rendered":"\n<div class=\"entry\">\n<p>Le CCAS est administr\u00e9 par un Conseil d\u2019Administration qui est l\u2019organe d\u00e9lib\u00e9rant. Celui-ci est compos\u00e9 \u00e0 parit\u00e9 \u00e9gale de membres \u00e9lus au Conseil Municipal et de membres nomm\u00e9s par le Maire.<\/p>\n<p>&nbsp;<\/p>\n<p><strong>Le Conseil d\u2019Administration du CCAS de Moret-Loing-et-Orvanne est compos\u00e9 de 17 membres :<br><\/strong><\/p>\n<p>&nbsp;<\/p>\n<ul>\n<li><strong>Monsieur Dikran ZAKEOSSIAN<\/strong> : Maire, Pr\u00e9sident du CCAS<\/li>\n<\/ul>\n<p>&nbsp;<\/p>\n<ul>\n<li><strong>Madame Sylvie SOUCHARD&nbsp;<\/strong>: Conseill\u00e8re Municipale d\u00e9l\u00e9gu\u00e9e aux Solidarit\u00e9s, Vice-Pr\u00e9sidente du CCAS<\/li>\n<\/ul>\n<p>&nbsp;<\/p>\n<ul>\n<li><strong>Madame Mireille EYRIGNOUX, Monsieur Sylvain GEORGELIN, Madame Pascale LELOT-BERDIER, Madame Yvette ROUSSEAU, Madame Marianne SAVAL-BONET, Madame Anne-Lise SERVAIS, Madame Patricia THALAMY<\/strong> : Membres d\u00e9l\u00e9gu\u00e9s par le Conseil Municipal<\/li>\n<\/ul>\n<p>&nbsp;<\/p>\n<ul>\n<li><strong>M<\/strong><strong>onsieur Guy BOUTARIN<\/strong> : Membre repr\u00e9sentant l\u2019association \u00ab&nbsp;De Loin en Loing&nbsp;\u00bb<\/li>\n<\/ul>\n<p>&nbsp;<\/p>\n<ul>\n<li><strong>Madame Jacqueline DUFOUR<\/strong> : Membre repr\u00e9sentant l\u2019association \u00ab&nbsp;Secours Populaire \u00bb<\/li>\n<\/ul>\n<p>&nbsp;<\/p>\n<ul>\n<li><strong>Monsieur Guy JULIEN&nbsp;<\/strong>: Membre repr\u00e9sentant l\u2019association \u00ab&nbsp;Amiti\u00e9s en Seine et Loing \u00bb<\/li>\n<\/ul>\n<p>&nbsp;<\/p>\n<ul>\n<li><strong>Monsieur Patrick MALIDOR<\/strong> : Membre repr\u00e9sentant l\u2019association \u00ab&nbsp;Aide \u00e0 Domicile Seine et Loing<\/li>\n<\/ul>\n<p>&nbsp;<\/p>\n<ul>\n<li><strong>Madame Josette LERICHE<\/strong> : Membre repr\u00e9sentant l\u2019association \u00ab France Alzheimer \u00bb<\/li>\n<\/ul>\n<p>&nbsp;<\/p>\n<ul>\n<li><strong>Madame Nadine&nbsp;VIRATELLE<\/strong>&nbsp;: Membre repr\u00e9sentant l\u2019association \u00ab&nbsp;Carrefour de l\u2019Amiti\u00e9 \u00bb<\/li>\n<\/ul>\n<p>&nbsp;<\/p>\n<ul>\n<li><strong>Monsieur Jean-Patrick ZUBALOF<\/strong> : Membre repr\u00e9sentant l\u2019UDAF<\/li>\n<\/ul>\n<\/div>\n","protected":false},"excerpt":{"rendered":"<p>Le CCAS est administr\u00e9 par un Conseil d\u2019Administration qui est l\u2019organe d\u00e9lib\u00e9rant. Celui-ci est compos\u00e9 \u00e0 parit\u00e9 \u00e9gale de membres \u00e9lus au Conseil Municipal et de membres nomm\u00e9s par le [&hellip;]<\/p>\n","protected":false},"author":1,"featured_media":0,"parent":0,"menu_order":0,"comment_status":"closed","ping_status":"closed","template":"","meta":{"_bbp_topic_count":0,"_bbp_reply_count":0,"_bbp_total_topic_count":0,"_bbp_total_reply_count":0,"_bbp_voice_count":0,"_bbp_anonymous_reply_count":0,"_bbp_topic_count_hidden":0,"_bbp_reply_count_hidden":0,"_bbp_forum_subforum_count":0,"ngg_post_thumbnail":0,"footnotes":"","_links_to":"","_links_to_target":""},"class_list":["post-117","page","type-page","status-publish","hentry"],"_links":{"self":[{"href":"http:\/\/moretloingetorvanne.fr\/ccas\/wp-json\/wp\/v2\/pages\/117","targetHints":{"allow":["GET"]}}],"collection":[{"href":"http:\/\/moretloingetorvanne.fr\/ccas\/wp-json\/wp\/v2\/pages"}],"about":[{"href":"http:\/\/moretloingetorvanne.fr\/ccas\/wp-json\/wp\/v2\/types\/page"}],"author":[{"embeddable":true,"href":"http:\/\/moretloingetorvanne.fr\/ccas\/wp-json\/wp\/v2\/users\/1"}],"replies":[{"embeddable":true,"href":"http:\/\/moretloingetorvanne.fr\/ccas\/wp-json\/wp\/v2\/comments?post=117"}],"version-history":[{"count":5,"href":"http:\/\/moretloingetorvanne.fr\/ccas\/wp-json\/wp\/v2\/pages\/117\/revisions"}],"predecessor-version":[{"id":550,"href":"http:\/\/moretloingetorvanne.fr\/ccas\/wp-json\/wp\/v2\/pages\/117\/revisions\/550"}],"wp:attachment":[{"href":"http:\/\/moretloingetorvanne.fr\/ccas\/wp-json\/wp\/v2\/media?parent=117"}],"curies":[{"name":"wp","href":"https:\/\/api.w.org\/{rel}","templated":true}]}}

<div class="entry">
<p>Le CCAS est administré par un Conseil d’Administration qui est l’organe délibérant. Celui-ci est composé à parité égale de membres élus au Conseil Municipal et de membres nommés par le Maire.</p>
<p>&nbsp;</p>
<p><strong>Le Conseil d’Administration du CCAS de Moret-Loing-et-Orvanne est composé de 17 membres :<br></strong></p>
<p>&nbsp;</p>
<ul>
<li><strong>Monsieur Dikran ZAKEOSSIAN</strong> : Maire, Président du CCAS</li>
</ul>
<p>&nbsp;</p>
<ul>
<li><strong>Madame Sylvie SOUCHARD&nbsp;</strong>: Conseillère Municipale déléguée aux Solidarités, Vice-Présidente du CCAS</li>
</ul>
<p>&nbsp;</p>
<ul>
<li><strong>Madame Mireille EYRIGNOUX, Monsieur Sylvain GEORGELIN, Madame Pascale LELOT-BERDIER, Madame Yvette ROUSSEAU, Madame Marianne SAVAL-BONET, Madame Anne-Lise SERVAIS, Madame Patricia THALAMY</strong> : Membres délégués par le Conseil Municipal</li>
</ul>
<p>&nbsp;</p>
<ul>
<li><strong>M</strong><strong>onsieur Guy BOUTARIN</strong> : Membre représentant l’association «&nbsp;De Loin en Loing&nbsp;»</li>
</ul>
<p>&nbsp;</p>
<ul>
<li><strong>Madame Jacqueline DUFOUR</strong> : Membre représentant l’association «&nbsp;Secours Populaire »</li>
</ul>
<p>&nbsp;</p>
<ul>
<li><strong>Monsieur Guy JULIEN&nbsp;</strong>: Membre représentant l’association «&nbsp;Amitiés en Seine et Loing »</li>
</ul>
<p>&nbsp;</p>
<ul>
<li><strong>Monsieur Patrick MALIDOR</strong> : Membre représentant l’association «&nbsp;Aide à Domicile Seine et Loing</li>
</ul>
<p>&nbsp;</p>
<ul>
<li><strong>Madame Josette LERICHE</strong> : Membre représentant l’association « France Alzheimer »</li>
</ul>
<p>&nbsp;</p>
<ul>
<li><strong>Madame Nadine&nbsp;VIRATELLE</strong>&nbsp;: Membre représentant l’association «&nbsp;Carrefour de l’Amitié »</li>
</ul>
<p>&nbsp;</p>
<ul>
<li><strong>Monsieur Jean-Patrick ZUBALOF</strong> : Membre représentant l’UDAF</li>
</ul>
</div>

<p>Le CCAS est administré par un Conseil d’Administration qui est l’organe délibérant. Celui-ci est composé à parité égale de membres élus au Conseil Municipal et de membres nommés par le [&hellip;]</p>
