{"id":115,"date":"2020-12-18T12:37:02","date_gmt":"2020-12-18T11:37:02","guid":{"rendered":"http:\/\/moretloingetorvanne.fr\/ccas\/?page_id=115"},"modified":"2025-11-18T14:51:30","modified_gmt":"2025-11-18T13:51:30","slug":"laide-sociale-facultative","status":"publish","type":"page","link":"https:\/\/moretloingetorvanne.fr\/ccas\/laide-sociale-facultative\/","title":{"rendered":"L&rsquo;Aide Sociale Facultative"},"content":{"rendered":"\n<div class=\"entry\">\n<p>Elle est le reflet de l\u2019Action Sociale communale et recouvre divers secteurs d\u2019activit\u00e9s.<\/p>\n<p>Le CCAS peut apporter un accompagnement individualis\u00e9 ; il peut \u00e9galement dispenser&nbsp;des aides mat\u00e9rielles (alimentaire ou autre), sous la forme de prestations remboursables&nbsp;ou non remboursables apr\u00e8s \u00e9tude du dossier par la commission.<\/p>\n<p>Les Aides Sociales facultatives sont des aides accord\u00e9es \u00e0 des fins tr\u00e8s sp\u00e9cifiques&nbsp;sous conditions de r\u00e9sidence et de ressources. En effet, l\u2019aide du CCAS est ponctuelle&nbsp;et ne peut \u00eatre obtenue qu\u2019en dernier recours apr\u00e8s sollicitation de l\u2019ensemble&nbsp;des dispositifs l\u00e9gaux et r\u00e9glementaires. Celui-ci ne peut intervenir qu\u2019au b\u00e9n\u00e9fice&nbsp;des personnes r\u00e9sidant sur la commune de Moret-Loing-et-Orvanne.<\/p>\n<\/div>\n\n\n\n<p><\/p>\n","protected":false},"excerpt":{"rendered":"<p>Elle est le reflet de l\u2019Action Sociale communale et recouvre divers secteurs d\u2019activit\u00e9s. Le CCAS peut apporter un accompagnement individualis\u00e9 ; il peut \u00e9galement dispenser&nbsp;des aides mat\u00e9rielles (alimentaire ou autre), [&hellip;]<\/p>\n","protected":false},"author":1,"featured_media":0,"parent":0,"menu_order":0,"comment_status":"closed","ping_status":"closed","template":"","meta":{"_bbp_topic_count":0,"_bbp_reply_count":0,"_bbp_total_topic_count":0,"_bbp_total_reply_count":0,"_bbp_voice_count":0,"_bbp_anonymous_reply_count":0,"_bbp_topic_count_hidden":0,"_bbp_reply_count_hidden":0,"_bbp_forum_subforum_count":0,"ngg_post_thumbnail":0,"footnotes":"","_links_to":"","_links_to_target":""},"class_list":["post-115","page","type-page","status-publish","hentry"],"_links":{"self":[{"href":"https:\/\/moretloingetorvanne.fr\/ccas\/wp-json\/wp\/v2\/pages\/115","targetHints":{"allow":["GET"]}}],"collection":[{"href":"https:\/\/moretloingetorvanne.fr\/ccas\/wp-json\/wp\/v2\/pages"}],"about":[{"href":"https:\/\/moretloingetorvanne.fr\/ccas\/wp-json\/wp\/v2\/types\/page"}],"author":[{"embeddable":true,"href":"https:\/\/moretloingetorvanne.fr\/ccas\/wp-json\/wp\/v2\/users\/1"}],"replies":[{"embeddable":true,"href":"https:\/\/moretloingetorvanne.fr\/ccas\/wp-json\/wp\/v2\/comments?post=115"}],"version-history":[{"count":4,"href":"https:\/\/moretloingetorvanne.fr\/ccas\/wp-json\/wp\/v2\/pages\/115\/revisions"}],"predecessor-version":[{"id":554,"href":"https:\/\/moretloingetorvanne.fr\/ccas\/wp-json\/wp\/v2\/pages\/115\/revisions\/554"}],"wp:attachment":[{"href":"https:\/\/moretloingetorvanne.fr\/ccas\/wp-json\/wp\/v2\/media?parent=115"}],"curies":[{"name":"wp","href":"https:\/\/api.w.org\/{rel}","templated":true}]}}