{"id":116,"date":"2020-12-18T12:37:02","date_gmt":"2020-12-18T11:37:02","guid":{"rendered":"http:\/\/moretloingetorvanne.fr\/ccas\/?page_id=116"},"modified":"2025-11-18T14:52:24","modified_gmt":"2025-11-18T13:52:24","slug":"laide-sociale-legale","status":"publish","type":"page","link":"https:\/\/moretloingetorvanne.fr\/ccas\/laide-sociale-legale\/","title":{"rendered":"L&rsquo;Aide Sociale L\u00e9gale"},"content":{"rendered":"\n<div class=\"entry\">\n<p>L\u2019Aide Sociale est un syst\u00e8me de solidarit\u00e9 nationale qui apporte assistance aux personnes confront\u00e9es \u00e0 des difficult\u00e9s d\u2019ordre social et mat\u00e9riel. Par ses actions d\u2019insertion, de pr\u00e9vention et de secours, l\u2019aide sociale s\u2019av\u00e8re \u00eatre un v\u00e9ritable maillon de l\u2019Action Sociale en g\u00e9n\u00e9ral.<\/p>\n<p>Chaque d\u00e9partement est charg\u00e9 de mettre en application sur son territoire l\u2019Aide Sociale conform\u00e9ment aux textes l\u00e9gislatifs et r\u00e9glementaires en vigueur. Les Aides Sociales L\u00e9gales, dites obligatoires, correspondent aux aides directement li\u00e9es aux transferts de comp\u00e9tences de l\u2019\u00c9tat.<\/p>\n<p>Par convention pass\u00e9e avec le d\u00e9partement, la commune est un autre acteur de l\u2019Aide Sociale charg\u00e9e en outre de l\u2019instruction des dossiers de demande d\u2019Aide Sociale via le CCAS.<\/p>\n<p>Missions&nbsp;:<\/p>\n<p><strong>\u2013<\/strong>Accompagner les personnes \u00e2g\u00e9es et\/ou handicap\u00e9es dans l\u2019instruction<br>de dossier d\u2019Aides Sociales l\u00e9gales,<\/p>\n<p><strong>\u2013<\/strong>Lutter contre l\u2019exclusion,<\/p>\n<p><strong>\u2013<\/strong>Proc\u00e9der \u00e0 l\u2019\u00e9lection de domicile.<\/p>\n<\/div>\n","protected":false},"excerpt":{"rendered":"<p>L\u2019Aide Sociale est un syst\u00e8me de solidarit\u00e9 nationale qui apporte assistance aux personnes confront\u00e9es \u00e0 des difficult\u00e9s d\u2019ordre social et mat\u00e9riel. Par ses actions d\u2019insertion, de pr\u00e9vention et de secours, [&hellip;]<\/p>\n","protected":false},"author":1,"featured_media":0,"parent":0,"menu_order":0,"comment_status":"closed","ping_status":"closed","template":"","meta":{"_bbp_topic_count":0,"_bbp_reply_count":0,"_bbp_total_topic_count":0,"_bbp_total_reply_count":0,"_bbp_voice_count":0,"_bbp_anonymous_reply_count":0,"_bbp_topic_count_hidden":0,"_bbp_reply_count_hidden":0,"_bbp_forum_subforum_count":0,"ngg_post_thumbnail":0,"footnotes":"","_links_to":"","_links_to_target":""},"class_list":["post-116","page","type-page","status-publish","hentry"],"_links":{"self":[{"href":"https:\/\/moretloingetorvanne.fr\/ccas\/wp-json\/wp\/v2\/pages\/116","targetHints":{"allow":["GET"]}}],"collection":[{"href":"https:\/\/moretloingetorvanne.fr\/ccas\/wp-json\/wp\/v2\/pages"}],"about":[{"href":"https:\/\/moretloingetorvanne.fr\/ccas\/wp-json\/wp\/v2\/types\/page"}],"author":[{"embeddable":true,"href":"https:\/\/moretloingetorvanne.fr\/ccas\/wp-json\/wp\/v2\/users\/1"}],"replies":[{"embeddable":true,"href":"https:\/\/moretloingetorvanne.fr\/ccas\/wp-json\/wp\/v2\/comments?post=116"}],"version-history":[{"count":5,"href":"https:\/\/moretloingetorvanne.fr\/ccas\/wp-json\/wp\/v2\/pages\/116\/revisions"}],"predecessor-version":[{"id":556,"href":"https:\/\/moretloingetorvanne.fr\/ccas\/wp-json\/wp\/v2\/pages\/116\/revisions\/556"}],"wp:attachment":[{"href":"https:\/\/moretloingetorvanne.fr\/ccas\/wp-json\/wp\/v2\/media?parent=116"}],"curies":[{"name":"wp","href":"https:\/\/api.w.org\/{rel}","templated":true}]}}